 to base 10
-222186
What is -124a47 (base 12) in base 8?
-1107327
What is 313 (base 14) in base 15?
2a5
Convert -b2cc26 (base 13) to base 2.
-1111111010000000101001
What is -1243205 (base 6) in base 3?
-10110102212
-339195 (base 13) to base 5
-303012001
What is -4008025 (base 9) in base 16?
-2086a3
What is 2227076 (base 9) in base 15?
18a519
-7437e0 (base 15) to base 16
-5461b3
Convert 19d235 (base 14) to base 15.
13276e
-12351612 (base 8) to base 16
-29d38a
-2604522 (base 7) to base 10
-337773
Convert 44553601 (base 7) to base 12.
1363044
Convert 45120151 (base 6) to base 13.
3897a6
138e77 (base 15) to base 12
394a34
What is 16363231 (base 7) in base 6?
54110101
-116532 (base 8) to base 13
-15448
What is -1b24476 (base 13) in base 6?
-520231255
-57b12 (base 16) to base 3
-200020201012
15532 (base 6) to base 9
3472
What is 1aa904 (base 13) in base 12?
2898ba
43c42 (base 15) to base 4
310211123
Convert 10000110 (base 2) to base 12.
b2
Convert -21010122000012 (base 3) to base 10.
-3791534
-1fb1ef (base 16) to base 13
-5795c1
-3312402 (base 5) to base 9
-86445
16310c (base 13) to base 3
1000220200022
What is 21001112213 (base 4) in base 16?
2415a7
Convert -31412212 (base 7) to base 11.
-1556580
What is 23113111 (base 5) in base 4?
302212301
Convert 1535712 (base 8) to base 12.
193462
Convert 4303470 (base 8) to base 7.
12523030
-36145315 (base 8) to base 5
-4011304422
-1009272 (base 11) to base 14
-346149
12769022 (base 10) to base 8
60553376
What is -538c2 (base 14) in base 10?
-202050
Convert 1971327 (base 12) to base 5.
2333412230
Convert 20034041 (base 5) to base 15.
32016
Convert -747550 (base 14) to base 3.
-21102002212102
What is 591a7 (base 14) in base 4?
311000133
Convert 261463635 (base 7) to base 13.
35b93b6
What is 111203333 (base 5) in base 4?
1313321111
14452035 (base 6) to base 7
4201064
23132221 (base 4) to base 3
2101111101
Convert 5693 (base 15) to base 2.
100011110111011
Convert -1a98f6 (base 16) to base 14.
-33534a
What is 10502130 (base 8) in base 4?
20220101120
What is -3ba5a6 (base 12) in base 4?
-3302113032
Convert -1767322 (base 10) to base 6.
-101514014
-3a44a (base 14) to base 6
-3024310
11238388 (base 9) to base 14
a2129c
21168554 (base 9) to base 12
34bbb94
-1d8b0 (base 15) to base 6
-2022333
-6a7547 (base 11) to base 13
-304019
20413323 (base 5) to base 2
101001011101101110
Convert 2e48e (base 16) to base 2.
101110010010001110
Convert -a305b8 (base 15) to base 6.
-434013215
Convert 100001011111001110101101 (base 2) to base 14.
124731b
What is -50707 (base 11) in base 14?
-1cdbd
What is 211321231 (base 4) in base 15?
30eea
What is -2002140004 (base 5) in base 6?
-220303121
What is -10101010110100000000110 (base 2) in base 10?
-5597190
Convert 134313510 (base 6) to base 14.
511638
-1012102112000 (base 3) to base 10
-638253
Convert 70350 (base 10) to base 6.
1301410
12212220333 (base 4) to base 6
101034303
What is 11010110111101010101 (base 2) in base 16?
d6f55
Convert 817a1 (base 11) to base 16.
1d279
-1221764 (base 9) to base 6
-22122051
What is -25539 (base 15) in base 6?
-2320200
Convert -120223132 (base 4) to base 15.
-1ee41
-18234780 (base 10) to base 2
-1000101100011110110011100
What is -124053413 (base 6) in base 4?
-21102011301
Convert e968a2 (base 16) to base 13.
32276b3
-1011001111011000 (base 2) to base 7
-251141
Convert -52463454 (base 7) to base 14.
-83682b
-794174 (base 11) to base 4
-10310300030
-11122010100100 (base 3) to base 10
-2462814
What is -3a731b (base 12) in base 2?
-11101011111100000111
Convert 163a23 (base 11) to base 4.
332002231
Convert 30dab (base 16) to base 5.
22400412
47928b (base 12) to base 8
4322513
Convert 1001233132 (base 4) to base 15.
54bbd
What is -1090479 (base 12) in base 10?
-3173277
-215154 (base 7) to base 3
-1220212200
What is -21a7925 (base 11) in base 16?
-3aea18
What is 700b1b (base 16) in base 9?
14731470
What is 121231 (base 9) in base 12?
3636a
-8593400 (base 10) to base 4
-200301333320
128205 (base 10) to base 7
1042530
Convert 140003 (base 8) to base 10.
49155
406186 (base 12) to base 10
1005942
-10000000011000100110110 (base 2) to base 8
-20030466
What is -5978 (base 15) in base 14?
-6d01
What is -452054 (base 10) in base 2?
-1101110010111010110
-200860 (base 10) to base 15
-3e7aa
What is 200131424 (base 5) in base 15?
108079
What is 103232121303 (base 4) in base 16?
4ee673
Convert -4920221 (base 10) to base 3.
-100020222021102
What is -1100010202200 (base 3) in base 11?
-446487
What is 134962 (base 13) in base 9?
782084
-2544522 (base 6) to base 4
-201303002
What is 71727 (base 9) in base 14?
1330c
What is d7483a (base 15) in base 7?
153023623
What is 20211201221001 (base 3) in base 16?
377be7
104450624 (base 7) to base 14
ba5514
Convert -1040010 (base 5) to base 3.
-220212111
2101a65 (base 11) to base 3
20222022202100
-1105010520 (base 6) to base 3
-211120021001010
-4635204 (base 9) to base 8
-11431600
What is -2b586 (base 15) in base 3?
-21002112100
Convert 37a94 (base 14) to base 3.
20221022021
-11554651 (base 8) to base 12
-a29521
-5734345 (base 9) to base 10
-3093431
Convert -2731031 (base 11) to base 8.
-21772367
What is -2388038 (base 9) in base 8?
-4747720
Convert 31212233 (base 5) to base 12.
104a09
What is -32235213 (base 8) in base 5?
-3231140032
Convert -1082822 (base 9) to base 13.
-1769a2
150114150 (base 6) to base 10
3089298
What is -111541 (base 9) in base 6?
-1233101
What is -20355415 (base 6) in base 9?
-1100522
Convert 44775244 (base 8) to base 16.
93faa4
Convert -1243430201 (base 5) to base 7.
-35263511
What is 1001001110010100 (base 2) in base 13?
14272
44555531 (base 6) to base 3
2112201222101
What is 11300113002 (base 4) in base 6?
52201110
Convert -3233212203 (base 4) to base 9.
-1755216
-431074 (base 8) to base 2
-100011001000111100
What is -154467 (base 8) in base 5?
-3234412
Convert 620041 (base 7) to base 16.
19cc9
Convert 512269 (base 16) to base 3.
101000010212021
-224d1 (base 16) to base 15
-2b967
-1901715 (base 15) to base 13
-3a13885
-13311404 (base 6) to base 15
-8bc47
Convert 5334674 (base 8) to base 4.
11123212330
-15301353 (base 6) to base 12
-21a859
12223211 (base 5) to base 9
187820
Convert -1010010001101010111110 (base 2) to base 8.
-12215276
-4043214421 (base 5) to base 14
-112cb61
Convert -1102130223 (base 5) to base 6.
-123002451
Convert -4427300 (base 8) to base 4.
-10202323000
What is -31d7e (base 16) in base 8?
-616576
What is 42562266 (base 7) in base 11?
2059368
What is -60165434 (base 7) in base 16?
-4be747
Convert 12002213132 (base 4) to base 16.
1829de
Convert 101110100010010011 (base 2) to base 7.
1422501
-4267098 (base 10) to base 14
-7d10ca
Convert 455558 (base 9) to base 4.
1002223100
-21311002113 (base 4) to base 6
-131120223
Convert 212561 (base 8) to base 6.
1304453
What is 6297 (base 15) in base 4?
11011222
What is -1d077 (base 15) in base 10?
-94612
-211021210111 (base 3) to base 13
-1248bb
Convert -714363 (base 11) to base 7.
-12520136
Convert 84072b (base 12) to base 7.
23430344
-130233113 (base 5) to base 8
-2325275
What is -2810914 (base 12) in base 16?
-79d620
What is 93307 (base 15) in base 5?
104411212
Convert -1780873 (base 9) to base 15.
-14aa76
3c69f (base 16) to base 5
30404310
Convert a55760 (base 15) to base 9.
15717280
What is -211287 (base 9) in base 11?
-86429
Convert -365346 (base 7) to base 15.
-14b83
What is -7548c (base 16) in base 15?
-97516
1141205 (base 8) to base 16
4c285
Convert -18089 (base 12) to base 11.
-24054
Convert -4414320 (base 5) to base 2.
-10010100110110010
Convert 22225326 (base 8) to base 10.
4795094
-243280 (base 9) to base 11
-a02a1
Convert 21300100 (base 5) to base 2.
101100010000011011
What is 513f (base 16) in base 6?
240143
Convert -23a5a (base 13) to base 16.
-ffc6
-7166 (base 10) to base 14
-287c
What is -3546212 (base 8) in base 16?
-ecc8a
-8a3b76 (base 12) to base 7
-24512130
Convert -10001100101010000101010 (base 2) to base 4.
-101211100222
What is 284587 (base 9) in base 7?
1323151
-4650654 (base 10) to base 12
-1683426
What is 22841 (base 12) in base 15?
da04
Convert -11534130 (base 6) to base 12.
-15a346
187369 (base 10) to base 7
1410160
236470 (base 10) to base 9
400334
110000001011111111111 (base 2) to base 12
64193b
20213214 (base 5) to base 6